vert 3 (base 14) to base 6.
3
-2 (base 4) to base 6
-2
Convert 17 (base 10) to base 5.
32
3 (base 6) to base 11
3
What is 6 (base 13) in base 8?
6
2000 (base 4) to base 16
80
What is -1b7 (base 12) in base 2?
-100011011
-21 (base 9) to base 6
-31
What is 10 (base 10) in base 9?
11
Convert 22 (base 11) to base 2.
11000
What is 5 (base 12) in base 14?
5
-6 (base 14) to base 11
-6
What is 49 (base 11) in base 12?
45
-47 (base 10) to base 16
-2f
Convert -2 (base 13) to base 5.
-2
Convert -3 (base 13) to base 15.
-3
Convert 27 (base 9) to base 15.
1a
What is -7 (base 10) in base 15?
-7
Convert 133 (base 4) to base 2.
11111
Convert -136 (base 7) to base 12.
-64
12 (base 8) to base 14
a
What is 1 (base 5) in base 6?
1
Convert 1 (base 12) to base 4.
1
What is 0 (base 15) in base 11?
0
65 (base 15) to base 13
74
16 (base 11) to base 3
122
e (base 16) to base 9
15
What is -47 (base 8) in base 13?
-30
What is -20 (base 3) in base 15?
-6
301 (base 4) to base 5
144
Convert -12 (base 9) to base 2.
-1011
-2 (base 11) to base 2
-10
-246 (base 8) to base 10
-166
What is -10 (base 13) in base 12?
-11
-55 (base 10) to base 9
-61
What is 12 (base 3) in base 7?
5
7 (base 15) to base 16
7
-1a4 (base 11) to base 7
-454
-c (base 14) to base 3
-110
5 (base 11) to base 16
5
-38 (base 14) to base 6
-122
-4 (base 10) to base 11
-4
-1 (base 12) to base 2
-1
Convert -34 (base 6) to base 12.
-1a
3 (base 12) to base 14
3
What is -3 (base 13) in base 12?
-3
47 (base 9) to base 11
3a
What is -1 (base 16) in base 14?
-1
What is -11 (base 11) in base 16?
-c
-133 (base 6) to base 13
-45
Convert -512 (base 6) to base 5.
-1223
Convert 101 (base 2) to base 6.
5
-1b1 (base 13) to base 5
-2223
What is -1 (base 16) in base 5?
-1
Convert 3 (base 16) to base 7.
3
-113 (base 12) to base 13
-c3
-13 (base 13) to base 12
-14
-3b (base 13) to base 2
-110010
Convert a (base 11) to base 8.
12
Convert 3 (base 14) to base 2.
11
What is -c (base 16) in base 12?
-10
What is 1201 (base 3) in base 6?
114
-10 (base 3) to base 4
-3
Convert -1 (base 6) to base 13.
-1
What is b1 (base 12) in base 14?
97
Convert -5 (base 15) to base 9.
-5
Convert -121 (base 3) to base 7.
-22
What is -20 (base 6) in base 16?
-c
What is 28 (base 9) in base 11?
24
5 (base 14) to base 4
11
-c2 (base 13) to base 9
-185
-4 (base 9) to base 16
-4
What is 0 (base 9) in base 16?
0
Convert -11 (base 6) to base 12.
-7
What is 0 (base 12) in base 2?
0
11 (base 9) to base 6
14
-1 (base 3) to base 10
-1
What is -22 (base 6) in base 10?
-14
17 (base 14) to base 16
15
What is 6 (base 9) in base 5?
11
What is -11010 (base 2) in base 5?
-101
What is -2 (base 7) in base 10?
-2
1414 (base 5) to base 7
453
Convert 2 (base 11) to base 15.
2
1 (base 13) to base 10
1
-2 (base 15) to base 12
-2
Convert -143 (base 10) to base 11.
-120
Convert -192 (base 10) to base 13.
-11a
What is 111 (base 2) in base 6?
11
What is 3 (base 6) in base 16?
3
-202 (base 4) to base 8
-42
Convert -9b (base 15) to base 5.
-1041
-1b (base 13) to base 7
-33
What is 7 (base 12) in base 10?
7
Convert 10100 (base 2) to base 8.
24
Convert 0 (base 4) to base 7.
0
Convert -12 (base 5) to base 9.
-7
-6 (base 7) to base 3
-20
Convert 54 (base 6) to base 3.
1021
a (base 11) to base 10
10
25 (base 11) to base 10
27
What is 8 (base 13) in base 11?
8
-46 (base 10) to base 15
-31
55 (base 6) to base 15
25
What is 27 (base 11) in base 7?
41
-2e (base 15) to base 14
-32
What is -365 (base 7) in base 15?
-ce
Convert -1 (base 4) to base 13.
-1
5 (base 8) to base 10
5
Convert -1 (base 8) to base 3.
-1
-1 (base 6) to base 11
-1
-24 (base 10) to base 2
-11000
-1b (base 14) to base 8
-31
6 (base 16) to base 4
12
1 (base 11) to base 3
1
7b (base 14) to base 11
9a
-112 (base 3) to base 14
-10
3 (base 4) to base 15
3
What is -10 (base 5) in base 14?
-5
1011110 (base 2) to base 12
7a
3 (base 9) to base 12
3
Convert 10100 (base 2) to base 11.
19
Convert 134 (base 13) to base 2.
11010100
What is -226 (base 9) in base 10?
-186
Convert -4 (base 13) to base 10.
-4
What is -134 (base 7) in base 15?
-4e
What is 11 (base 7) in base 14?
8
What is -20 (base 3) in base 15?
-6
Convert 123 (base 5) to base 12.
32
Convert -12 (base 7) to base 15.
-9
-15 (base 9) to base 2
-1110
-4 (base 8) to base 5
-4
-22 (base 12) to base 9
-28
5 (base 14) to base 5
10
What is 4 (base 7) in base 5?
4
What is -1010 (base 2) in base 15?
-a
What is -550 (base 6) in base 13?
-132
What is 1100 (base 4) in base 3?
2222
-113 (base 9) to base 16
-5d
What is -21 (base 7) in base 11?
-14
What is -13 (base 5) in base 2?
-1000
Convert 101 (base 9) to base 13.
64
1 (base 11) to base 3
1
32 (base 7) to base 10
23
Convert 72 (base 9) to base 12.
55
Convert -103 (base 4) to base 16.
-13
-115 (base 7) to base 16
-3d
231 (base 6) to base 4
1123
What is -2 (base 10) in base 12?
-2
Convert -18 (base 9) to base 15.
-12
Convert -131 (base 11) to base 15.
-a5
Convert -11 (base 2) to base 16.
-3
What is 100101 (base 2) in base 12?
31
Convert -100101 (base 2) to base 7.
-52
Convert 2 (base 15) to base 3.
2
Convert -31 (base 4) to base 10.
-13
What is 0 (base 14) in base 11?
0
Convert 121 (base 5) to base 9.
40
Convert 6b (base 14) to base 7.
164
Convert 7 (base 16) to base 9.
7
What is -1 (base 9) in base 2?
-1
-b (base 13) to base 11
-10
Convert -315 (base 7) to base 2.
-10011111
What is 1010 (base 2) in base 8?
12
What is -110001 (base 2) in base 14?
-37
-13 (base 11) to base 5
-24
What is 1 (base 12) in base 8?
1
-11 (base 14) to base 12
-13
What is -55 (base 10) in base 6?
-131
What is -33 (base 4) in base 13?
-12
What is 2 (base 10) in base 8?
2
-37 (base 9) to base 4
-202
What is -3d (base 14) in base 10?
-55
Convert 13 (base 6) to base 8.
11
Convert -4 (base 14) to base 15.
-4
What is 61 (base 7) in base 11?
3a
What is 1 (base 14) in base 9?
1
What is 100 (base 6) in base 14?
28
74 (base 11) to base 2
1010001
Convert -30 (base 10) to base 11.
-28
6e (base 15) to base 7
206
22 (base 9) to base 6
32
11 (base 13) to base 6
22
-22 (base 12) to base 2
-11010
3 (base 16) to base 12
3
Convert 33 (base 8) to base 3.
1000
Convert 101 (base 3) to base 12.
a
0 (base 11) to base 15
0
Convert 36 (base 8) to base 6.
50
What is 3 (base 15) in base 16?
3
15 (base 15) to base 4
110
Convert 3 (base 4) to base 8.
3
13 (base 4) to base 16
7
What is 2 (base 9) in base 2?
10
3 (base 12) to base 14
3
Convert -94 (base 16) to base 14.
-a8
What is 21 (base 10) in base 13?
18
-28 (base 13) to base 10
-34
What is 4 (base 6) in base 9?
4
27 (base 13) to base 6
53
Convert 20 (base 6) to base 15.
c
Convert 3 (base 13) to base 11.
3
What is -11000 (base 2) in base 8?
-30
What is 22 (base 10) in base 15?
17
Convert -42 (base 5) to base 2.
-10110
Convert 7 (base 8) to base 12.
7
Convert 3 (base 10) to base 13.
3
What is -133 (base 11) in base 15?
-a7
What is 4 (base 6) in base 4?
10
Convert -4 (base 11) to base 12.
-4
41 (base 10) to base 11
38
Convert 1 (base 10) to base 7.
1
11 (base 2) to base 3
10
9 (base 11) to base 13
9
What is 3 (base 5) in base 2?
11
2 (base 13) to base 16
2
Convert -7 (base 9) to base 13.
-7
-50 (base 9) to base 7
-63
-54 (base 6) to base 7
-46
Convert -2 (base 10) to base 15.
-2
What is 1 (base 15) in base 14?
1
Convert -7 (base 14) to base 8.
-7
-45 (base 11) to base 16
-31
What is 4 (base 13) in base 7?
4
23 (base 6) to base 16
f
5 (base 9) to base 8
5
Convert -4 (base 11) to base 3.
-11
What is 1001111 (base 2) in base 13?
61
Convert 0 (base 14) to base 5.
0
What is -25 (base 13) in base 2?
-11111
What is -3 (base 10) in base 4?
-3
-3 (base 4) to base 12
-3
Convert 16 (base 15) to base 4.
111
What is -10 (base 4) in base 5?
-4
What is 43 (base 7) in base 10?
31
Convert -1010 (base 2) to base 6.
-14
What is -93 (base 14) in base 11?
-108
What is 4 (base 10) in base 4?
10
-1 (base 11) to base 2
-1
Convert 30 (base 12) to base 15.
26
-37 (base 12) to base 15
-2d
Convert -102 (base 6) to base 9.
-42
123 (base 5) to base 12
32
314 (base 8) to base 15
d9
What is 2 (base 12) in base 4?
2
What is 131 (base 4) in base 6?
45
-149 (base 10) to base 3
-12112
What is 27 (base 8) in base 10?
23
1 (base 10) to base 2
1
2 (base 4) to base 5
2
Convert -11011 (base 2) to base 16.
-1b
Convert -1 (base 3) to base 15.
-1
Convert 9 (base 14) to base 9.
10
31 (b